{"id":62,"date":"2024-03-02T05:11:29","date_gmt":"2024-03-02T05:11:29","guid":{"rendered":"https:\/\/www.lapuanpienkonehuolto.fi\/?page_id=62"},"modified":"2025-01-13T16:52:02","modified_gmt":"2025-01-13T16:52:02","slug":"ajanvaraus","status":"publish","type":"page","link":"https:\/\/www.lapuanpienkonehuolto.fi\/index.php\/ajanvaraus\/","title":{"rendered":"Ajanvaraus"},"content":{"rendered":"<!-- Event snippet for Liidilomakkeen l\u00e4hett\u00e4minen conversion page\nIn your html page, add the snippet and call gtag_report_conversion when someone clicks on the chosen link or button. -->\n<script>\nfunction gtag_report_conversion(url) {\n  var callback = function () {\n    if (typeof(url) != 'undefined') {\n      window.location = url;\n    }\n  };\n  gtag('event', 'conversion', {\n      'send_to': 'AW-11532253012\/H-XqCNGwqIQaENTugPsq',\n      'event_callback': callback\n  });\n  return false;\n}\n<\/script>\n\n\n<p class=\"has-text-align-center\">J\u00e4t\u00e4 yhteydenottopyynt\u00f6 alla olevalla lomakkeella.<\/p>\n\n\n\n<div class=\"wp-block-columns is-layout-flex wp-container-core-columns-is-layout-28f84493 wp-block-columns-is-layout-flex\">\n<div class=\"wp-block-column is-layout-flow wp-block-column-is-layout-flow\"><\/div>\n\n\n\n<div class=\"wp-block-column is-layout-flow wp-block-column-is-layout-flow\">\n<div class=\"wp-block-contact-form-7-contact-form-selector\">\n<div class=\"wpcf7 no-js\" id=\"wpcf7-f63-o1\" lang=\"fi\" dir=\"ltr\" data-wpcf7-id=\"63\">\n<div class=\"screen-reader-response\"><p role=\"status\" aria-live=\"polite\" aria-atomic=\"true\"><\/p> <ul><\/ul><\/div>\n<form action=\"\/index.php\/wp-json\/wp\/v2\/pages\/62#wpcf7-f63-o1\" method=\"post\" class=\"wpcf7-form init\" aria-label=\"Yhteydenottolomake\" novalidate=\"novalidate\" data-status=\"init\">\n<fieldset class=\"hidden-fields-container\"><input type=\"hidden\" name=\"_wpcf7\" value=\"63\" \/><input type=\"hidden\" name=\"_wpcf7_version\" value=\"6.1.5\" \/><input type=\"hidden\" name=\"_wpcf7_locale\" value=\"fi\" \/><input type=\"hidden\" name=\"_wpcf7_unit_tag\" value=\"wpcf7-f63-o1\" \/><input type=\"hidden\" name=\"_wpcf7_container_post\" value=\"0\" \/><input type=\"hidden\" name=\"_wpcf7_posted_data_hash\" value=\"\" \/><input type=\"hidden\" name=\"_wpcf7_recaptcha_response\" value=\"\" \/>\n<\/fieldset>\n<p><label> Nimesi<br \/>\n<span class=\"wpcf7-form-control-wrap\" data-name=\"your-name\"><input size=\"40\" maxlength=\"400\" class=\"wpcf7-form-control wpcf7-text wpcf7-validates-as-required\" autocomplete=\"name\" aria-required=\"true\" aria-invalid=\"false\" value=\"\" type=\"text\" name=\"your-name\" \/><\/span> <\/label>\n<\/p>\n<p><label> S\u00e4hk\u00f6postiosoitteesi<br \/>\n<span class=\"wpcf7-form-control-wrap\" data-name=\"your-email\"><input size=\"40\" maxlength=\"400\" class=\"wpcf7-form-control wpcf7-email wpcf7-validates-as-required wpcf7-text wpcf7-validates-as-email\" autocomplete=\"email\" aria-required=\"true\" aria-invalid=\"false\" value=\"\" type=\"email\" name=\"your-email\" \/><\/span> <\/label>\n<\/p>\n<p><label> Puhelinnumero<br \/>\n<span class=\"wpcf7-form-control-wrap\" data-name=\"tel-706\"><input size=\"40\" maxlength=\"400\" class=\"wpcf7-form-control wpcf7-tel wpcf7-text wpcf7-validates-as-tel\" aria-invalid=\"false\" value=\"\" type=\"tel\" name=\"tel-706\" \/><\/span> <\/label>\n<\/p>\n<p><label> Tarvitsen huoltoa, <\/label><br \/>\n<span class=\"wpcf7-form-control-wrap\" data-name=\"radio-100\"><span class=\"wpcf7-form-control wpcf7-radio\"><span class=\"wpcf7-list-item first\"><label><input type=\"radio\" name=\"radio-100\" value=\"Ajettavalle Ruohonleikkurille\" \/><span class=\"wpcf7-list-item-label\">Ajettavalle Ruohonleikkurille<\/span><\/label><\/span><span class=\"wpcf7-list-item\"><label><input type=\"radio\" name=\"radio-100\" value=\"Ty\u00f6nnett\u00e4v\u00e4lle Ruohonleikkurille\" checked=\"checked\" \/><span class=\"wpcf7-list-item-label\">Ty\u00f6nnett\u00e4v\u00e4lle Ruohonleikkurille<\/span><\/label><\/span><span class=\"wpcf7-list-item\"><label><input type=\"radio\" name=\"radio-100\" value=\"Mopoautolle\" \/><span class=\"wpcf7-list-item-label\">Mopoautolle<\/span><\/label><\/span><span class=\"wpcf7-list-item\"><label><input type=\"radio\" name=\"radio-100\" value=\"M\u00f6nkij\u00e4lle\" \/><span class=\"wpcf7-list-item-label\">M\u00f6nkij\u00e4lle<\/span><\/label><\/span><span class=\"wpcf7-list-item\"><label><input type=\"radio\" name=\"radio-100\" value=\"Mopolle\" \/><span class=\"wpcf7-list-item-label\">Mopolle<\/span><\/label><\/span><span class=\"wpcf7-list-item\"><label><input type=\"radio\" name=\"radio-100\" value=\"Moottorisahalle\" \/><span class=\"wpcf7-list-item-label\">Moottorisahalle<\/span><\/label><\/span><span class=\"wpcf7-list-item\"><label><input type=\"radio\" name=\"radio-100\" value=\"Raivaussahalle\" \/><span class=\"wpcf7-list-item-label\">Raivaussahalle<\/span><\/label><\/span><span class=\"wpcf7-list-item\"><label><input type=\"radio\" name=\"radio-100\" value=\"Trimmerille\" \/><span class=\"wpcf7-list-item-label\">Trimmerille<\/span><\/label><\/span><span class=\"wpcf7-list-item last\"><label><input type=\"radio\" name=\"radio-100\" value=\"Muu, Mik\u00e4\" \/><span class=\"wpcf7-list-item-label\">Muu, Mik\u00e4<\/span><\/label><\/span><\/span><\/span><br \/>\n<label> Jos valitsit muu <\/label><br \/>\n<span class=\"wpcf7-form-control-wrap\" data-name=\"textarea-728\"><input size=\"40\" maxlength=\"400\" class=\"wpcf7-form-control wpcf7-text\" aria-invalid=\"false\" value=\"\" type=\"text\" name=\"textarea-728\" \/><\/span>\n<\/p>\n<p><label> Koneen merkki ja malli<br \/>\n<span class=\"wpcf7-form-control-wrap\" data-name=\"your-subject\"><input size=\"40\" maxlength=\"400\" class=\"wpcf7-form-control wpcf7-text wpcf7-validates-as-required\" aria-required=\"true\" aria-invalid=\"false\" value=\"\" type=\"text\" name=\"your-subject\" \/><\/span> <\/label>\n<\/p>\n<p><label> Vikaseloste<br \/>\n<span class=\"wpcf7-form-control-wrap\" data-name=\"your-message\"><textarea cols=\"40\" rows=\"10\" maxlength=\"2000\" class=\"wpcf7-form-control wpcf7-textarea\" aria-invalid=\"false\" name=\"your-message\"><\/textarea><\/span> <\/label>\n<\/p>\n<p><label> Haluatko ett\u00e4 olemme sinuun yhteydess\u00e4: <\/label><br \/>\n<span class=\"wpcf7-form-control-wrap\" data-name=\"checkbox-117\"><span class=\"wpcf7-form-control wpcf7-checkbox wpcf7-validates-as-required\"><span class=\"wpcf7-list-item first\"><label><input type=\"checkbox\" name=\"checkbox-117[]\" value=\"Puhelinsoitolla\" \/><span class=\"wpcf7-list-item-label\">Puhelinsoitolla<\/span><\/label><\/span><span class=\"wpcf7-list-item\"><label><input type=\"checkbox\" name=\"checkbox-117[]\" value=\"Tekstiviestill\u00e4\" \/><span class=\"wpcf7-list-item-label\">Tekstiviestill\u00e4<\/span><\/label><\/span><span class=\"wpcf7-list-item last\"><label><input type=\"checkbox\" name=\"checkbox-117[]\" value=\"S\u00e4hk\u00f6postilla\" \/><span class=\"wpcf7-list-item-label\">S\u00e4hk\u00f6postilla<\/span><\/label><\/span><\/span><\/span>\n<\/p>\n<p><input class=\"wpcf7-form-control wpcf7-submit has-spinner\" type=\"submit\" value=\"L\u00e4het\u00e4\" \/>\n<\/p><div class=\"wpcf7-response-output\" aria-hidden=\"true\"><\/div>\n<\/form>\n<\/div>\n<\/div>\n<\/div>\n\n\n\n<div class=\"wp-block-column is-layout-flow wp-block-column-is-layout-flow\"><\/div>\n<\/div>\n\n\n\n<p><\/p>\n","protected":false},"excerpt":{"rendered":"<p>J\u00e4t\u00e4 yhteydenottopyynt\u00f6 alla olevalla lomakkeella.<\/p>\n","protected":false},"author":1,"featured_media":0,"parent":0,"menu_order":0,"comment_status":"closed","ping_status":"closed","template":"","meta":{"footnotes":""},"class_list":["post-62","page","type-page","status-publish","hentry"],"aioseo_notices":[],"_links":{"self":[{"href":"https:\/\/www.lapuanpienkonehuolto.fi\/index.php\/wp-json\/wp\/v2\/pages\/62","targetHints":{"allow":["GET"]}}],"collection":[{"href":"https:\/\/www.lapuanpienkonehuolto.fi\/index.php\/wp-json\/wp\/v2\/pages"}],"about":[{"href":"https:\/\/www.lapuanpienkonehuolto.fi\/index.php\/wp-json\/wp\/v2\/types\/page"}],"author":[{"embeddable":true,"href":"https:\/\/www.lapuanpienkonehuolto.fi\/index.php\/wp-json\/wp\/v2\/users\/1"}],"replies":[{"embeddable":true,"href":"https:\/\/www.lapuanpienkonehuolto.fi\/index.php\/wp-json\/wp\/v2\/comments?post=62"}],"version-history":[{"count":6,"href":"https:\/\/www.lapuanpienkonehuolto.fi\/index.php\/wp-json\/wp\/v2\/pages\/62\/revisions"}],"predecessor-version":[{"id":364,"href":"https:\/\/www.lapuanpienkonehuolto.fi\/index.php\/wp-json\/wp\/v2\/pages\/62\/revisions\/364"}],"wp:attachment":[{"href":"https:\/\/www.lapuanpienkonehuolto.fi\/index.php\/wp-json\/wp\/v2\/media?parent=62"}],"curies":[{"name":"wp","href":"https:\/\/api.w.org\/{rel}","templated":true}]}}